{"id":2468,"date":"2022-03-16T13:09:52","date_gmt":"2022-03-16T18:09:52","guid":{"rendered":"https:\/\/www.emapadaule.gob.ec\/web\/?post_type=tribe_events&#038;p=2468"},"modified":"2022-03-21T08:41:46","modified_gmt":"2022-03-21T13:41:46","slug":"ii-simposio-dia-mundial-del-agua-aurora","status":"publish","type":"tribe_events","link":"https:\/\/www.emapadaule.gob.ec\/web\/evento\/ii-simposio-dia-mundial-del-agua-aurora\/","title":{"rendered":"II SIMPOSIO &#8211; D\u00cdA MUNDIAL DEL AGUA (AURORA)"},"content":{"rendered":"<p>La Empresa P\u00fablica Municipal de Agua Potable y Alcantarillado de Daule (EMAPA EP Daule) y la Alcald\u00eda de Daule tienen el agrado de invitar a:<\/p>\n<p style=\"text-align: center;\"><em><span style=\"font-size: 12pt;\"><strong>II SIMPOSIO &#8211; D\u00cdA MUNDIAL DEL AGUA<\/strong><\/span><\/em><\/p>\n<table style=\"border-collapse: collapse; width: 100%; height: 287px;\">\n<tbody>\n<tr style=\"height: 24px; background-color: #5b9bd5;\">\n<td style=\"width: 17.0133%; height: 24px; text-align: center;\"><span style=\"color: #ffffff;\"><strong>HORA<\/strong><\/span><\/td>\n<td style=\"width: 51.7333%; height: 24px; text-align: center;\"><span style=\"color: #ffffff;\"><strong>PONENCIAS<\/strong><\/span><\/td>\n<td style=\"width: 31.2533%; height: 24px; text-align: center;\"><span style=\"color: #ffffff;\"><strong>INSTITUCI\u00d3N<\/strong><\/span><\/td>\n<\/tr>\n<tr style=\"height: 133px;\">\n<td style=\"width: 17.0133%; height: 10px; text-align: center;\"><span style=\"font-size: 9pt;\">9H00<\/span><\/td>\n<td style=\"width: 51.7333%; height: 10px;\"><span style=\"font-size: 9pt;\"><strong>Ab. M\u00f3nica Andrade<\/strong><\/span><br \/>\n<span style=\"font-size: 9pt;\">&#8220;AGUAS SUBTERRANEAS&#8221;<\/span><br \/>\n<span style=\"font-size: 9pt;\">Hagamos Visible lo Invisible<\/span><\/td>\n<td style=\"width: 31.2533%; height: 10px; text-align: center;\"><span style=\"font-size: 9pt;\">Programa de las Naciones Unidas para el Desarrollo<\/span><\/td>\n<\/tr>\n<tr style=\"height: 133px;\">\n<td style=\"width: 17.0133%; height: 10px; text-align: center;\"><span style=\"font-size: 9pt;\">9H36<\/span><\/td>\n<td style=\"width: 51.7333%; height: 10px;\"><span style=\"font-size: 9pt;\"><strong>Ing. Christian Salazar Corrales<\/strong><\/span><br \/>\n<span style=\"font-size: 9pt;\">&#8220;FUENTES SUBTERRANEAS&#8221;<\/span><br \/>\n<span style=\"font-size: 9pt;\">Experiencia en Ecuador<\/span><\/td>\n<td style=\"width: 31.2533%; height: 10px; text-align: center;\"><span style=\"font-size: 9pt;\">Agencia de Regulaci\u00f3n y Control del Agua ARCA<\/span><\/td>\n<\/tr>\n<tr style=\"height: 174px;\">\n<td style=\"width: 17.0133%; height: 63px; text-align: center;\"><span style=\"font-size: 9pt;\">10H10<\/span><\/td>\n<td style=\"width: 51.7333%; height: 63px;\"><span style=\"font-size: 9pt;\"><strong>Ing. Rosa Pilco Veintimilla<\/strong><\/span><br \/>\n<span style=\"font-size: 9pt;\">&#8220;EXPLOTACI\u00d3N Y APROVECHAMIENTO&#8221;<\/span><br \/>\n<span style=\"font-size: 9pt;\">Requisitos para licencia y tr\u00e1mite para su autorizaci\u00f3n<\/span><\/td>\n<td style=\"width: 31.2533%; height: 63px; text-align: center;\"><span style=\"font-size: 9pt;\">Ministerio del Ambiente, Agua y Transici\u00f3n Ecol\u00f3gica<\/span><\/td>\n<\/tr>\n<tr style=\"height: 24px; background-color: #fff2cc;\">\n<td style=\"width: 17.0133%; height: 23px; text-align: center;\"><span style=\"font-size: 9pt;\">10H40<\/span><\/td>\n<td style=\"width: 51.7333%; height: 23px; text-align: center;\"><span style=\"font-size: 9pt;\">BREAK<\/span><\/td>\n<td style=\"width: 31.2533%; height: 23px;\"><\/td>\n<\/tr>\n<tr style=\"height: 171px;\">\n<td style=\"width: 17.0133%; height: 75px; text-align: center;\"><span style=\"font-size: 9pt;\">11H00<\/span><\/td>\n<td style=\"width: 51.7333%; height: 75px;\"><span style=\"font-size: 9pt;\"><strong>Ing. Ricardo Bowen<\/strong><\/span><br \/>\n<span style=\"font-size: 9pt;\">&#8220;EXPERIENCIA Y APLICABILIDAD DE LAS TUBER\u00cdAS DE POLIETILENO DE ALTA DENSIDAD (PEAD) PARA AGUA POTABLE EN ECUADOR&#8221;<\/span><\/td>\n<td style=\"width: 31.2533%; height: 75px; text-align: center;\"><span style=\"font-size: 9pt;\">BOFLEX S.A.<\/span><\/td>\n<\/tr>\n<tr style=\"height: 195px;\">\n<td style=\"width: 17.0133%; height: 82px; text-align: center;\"><span style=\"font-size: 9pt;\">11H40<\/span><\/td>\n<td style=\"width: 51.7333%; height: 82px;\"><span style=\"font-size: 9pt;\"><strong>Ing. Rafael Alulema<\/strong><\/span><br \/>\n<span style=\"font-size: 9pt;\">&#8220;CONSTRUCI\u00d3N, OPERACI\u00d3N Y MANTENIMIENTO DE LAS FUENTES SUBTERRANEAS&#8221;<\/span><br \/>\n<span style=\"font-size: 9pt;\">Aplicando a las Normas INEN en el Ecuador y su experiencia<\/span><\/td>\n<td style=\"width: 31.2533%; height: 82px; text-align: center;\"><span style=\"font-size: 9pt;\">Empresa P\u00fablica Metropolitana de Agua Potable y Saneamiento de Quito<\/span><\/td>\n<\/tr>\n<\/tbody>\n<\/table>\n","protected":false},"excerpt":{"rendered":"<p>La Empresa P\u00fablica Municipal de Agua Potable y Alcantarillado de Daule (EMAPA EP Daule) y la Alcald\u00eda de Daule tienen el agrado de invitar a: II SIMPOSIO &#8211; D\u00cdA MUNDIAL DEL AGUA HORA PONENCIAS INSTITUCI\u00d3N 9H00 Ab. M\u00f3nica Andrade &#8220;AGUAS SUBTERRANEAS&#8221; Hagamos Visible lo Invisible Programa de las Naciones Unidas<\/p>\n","protected":false},"author":1,"featured_media":2494,"template":"","meta":{"_tribe_events_status":"","_tribe_events_status_reason":"","footnotes":""},"tags":[],"tribe_events_cat":[],"class_list":["post-2468","tribe_events","type-tribe_events","status-publish","has-post-thumbnail","hentry"],"jetpack_sharing_enabled":true,"_links":{"self":[{"href":"https:\/\/www.emapadaule.gob.ec\/web\/wp-json\/wp\/v2\/tribe_events\/2468","targetHints":{"allow":["GET"]}}],"collection":[{"href":"https:\/\/www.emapadaule.gob.ec\/web\/wp-json\/wp\/v2\/tribe_events"}],"about":[{"href":"https:\/\/www.emapadaule.gob.ec\/web\/wp-json\/wp\/v2\/types\/tribe_events"}],"author":[{"embeddable":true,"href":"https:\/\/www.emapadaule.gob.ec\/web\/wp-json\/wp\/v2\/users\/1"}],"version-history":[{"count":12,"href":"https:\/\/www.emapadaule.gob.ec\/web\/wp-json\/wp\/v2\/tribe_events\/2468\/revisions"}],"predecessor-version":[{"id":2495,"href":"https:\/\/www.emapadaule.gob.ec\/web\/wp-json\/wp\/v2\/tribe_events\/2468\/revisions\/2495"}],"wp:featuredmedia":[{"embeddable":true,"href":"https:\/\/www.emapadaule.gob.ec\/web\/wp-json\/wp\/v2\/media\/2494"}],"wp:attachment":[{"href":"https:\/\/www.emapadaule.gob.ec\/web\/wp-json\/wp\/v2\/media?parent=2468"}],"wp:term":[{"taxonomy":"post_tag","embeddable":true,"href":"https:\/\/www.emapadaule.gob.ec\/web\/wp-json\/wp\/v2\/tags?post=2468"},{"taxonomy":"tribe_events_cat","embeddable":true,"href":"https:\/\/www.emapadaule.gob.ec\/web\/wp-json\/wp\/v2\/tribe_events_cat?post=2468"}],"curies":[{"name":"wp","href":"https:\/\/api.w.org\/{rel}","templated":true}]}}

II SIMPOSIO &#8211; DÍA MUNDIAL DEL AGUA (AURORA)

<p>La Empresa Pública Municipal de Agua Potable y Alcantarillado de Daule (EMAPA EP Daule) y la Alcaldía de Daule tienen el agrado de invitar a:</p>
<p style="text-align: center;"><em><span style="font-size: 12pt;"><strong>II SIMPOSIO &#8211; DÍA MUNDIAL DEL AGUA</strong></span></em></p>
<table style="border-collapse: collapse; width: 100%; height: 287px;">
<tbody>
<tr style="height: 24px; background-color: #5b9bd5;">
<td style="width: 17.0133%; height: 24px; text-align: center;"><span style="color: #ffffff;"><strong>HORA</strong></span></td>
<td style="width: 51.7333%; height: 24px; text-align: center;"><span style="color: #ffffff;"><strong>PONENCIAS</strong></span></td>
<td style="width: 31.2533%; height: 24px; text-align: center;"><span style="color: #ffffff;"><strong>INSTITUCIÓN</strong></span></td>
</tr>
<tr style="height: 133px;">
<td style="width: 17.0133%; height: 10px; text-align: center;"><span style="font-size: 9pt;">9H00</span></td>
<td style="width: 51.7333%; height: 10px;"><span style="font-size: 9pt;"><strong>Ab. Mónica Andrade</strong></span><br />
<span style="font-size: 9pt;">&#8220;AGUAS SUBTERRANEAS&#8221;</span><br />
<span style="font-size: 9pt;">Hagamos Visible lo Invisible</span></td>
<td style="width: 31.2533%; height: 10px; text-align: center;"><span style="font-size: 9pt;">Programa de las Naciones Unidas para el Desarrollo</span></td>
</tr>
<tr style="height: 133px;">
<td style="width: 17.0133%; height: 10px; text-align: center;"><span style="font-size: 9pt;">9H36</span></td>
<td style="width: 51.7333%; height: 10px;"><span style="font-size: 9pt;"><strong>Ing. Christian Salazar Corrales</strong></span><br />
<span style="font-size: 9pt;">&#8220;FUENTES SUBTERRANEAS&#8221;</span><br />
<span style="font-size: 9pt;">Experiencia en Ecuador</span></td>
<td style="width: 31.2533%; height: 10px; text-align: center;"><span style="font-size: 9pt;">Agencia de Regulación y Control del Agua ARCA</span></td>
</tr>
<tr style="height: 174px;">
<td style="width: 17.0133%; height: 63px; text-align: center;"><span style="font-size: 9pt;">10H10</span></td>
<td style="width: 51.7333%; height: 63px;"><span style="font-size: 9pt;"><strong>Ing. Rosa Pilco Veintimilla</strong></span><br />
<span style="font-size: 9pt;">&#8220;EXPLOTACIÓN Y APROVECHAMIENTO&#8221;</span><br />
<span style="font-size: 9pt;">Requisitos para licencia y trámite para su autorización</span></td>
<td style="width: 31.2533%; height: 63px; text-align: center;"><span style="font-size: 9pt;">Ministerio del Ambiente, Agua y Transición Ecológica</span></td>
</tr>
<tr style="height: 24px; background-color: #fff2cc;">
<td style="width: 17.0133%; height: 23px; text-align: center;"><span style="font-size: 9pt;">10H40</span></td>
<td style="width: 51.7333%; height: 23px; text-align: center;"><span style="font-size: 9pt;">BREAK</span></td>
<td style="width: 31.2533%; height: 23px;"></td>
</tr>
<tr style="height: 171px;">
<td style="width: 17.0133%; height: 75px; text-align: center;"><span style="font-size: 9pt;">11H00</span></td>
<td style="width: 51.7333%; height: 75px;"><span style="font-size: 9pt;"><strong>Ing. Ricardo Bowen</strong></span><br />
<span style="font-size: 9pt;">&#8220;EXPERIENCIA Y APLICABILIDAD DE LAS TUBERÍAS DE POLIETILENO DE ALTA DENSIDAD (PEAD) PARA AGUA POTABLE EN ECUADOR&#8221;</span></td>
<td style="width: 31.2533%; height: 75px; text-align: center;"><span style="font-size: 9pt;">BOFLEX S.A.</span></td>
</tr>
<tr style="height: 195px;">
<td style="width: 17.0133%; height: 82px; text-align: center;"><span style="font-size: 9pt;">11H40</span></td>
<td style="width: 51.7333%; height: 82px;"><span style="font-size: 9pt;"><strong>Ing. Rafael Alulema</strong></span><br />
<span style="font-size: 9pt;">&#8220;CONSTRUCIÓN, OPERACIÓN Y MANTENIMIENTO DE LAS FUENTES SUBTERRANEAS&#8221;</span><br />
<span style="font-size: 9pt;">Aplicando a las Normas INEN en el Ecuador y su experiencia</span></td>
<td style="width: 31.2533%; height: 82px; text-align: center;"><span style="font-size: 9pt;">Empresa Pública Metropolitana de Agua Potable y Saneamiento de Quito</span></td>
</tr>
</tbody>
</table>

<p>La Empresa Pública Municipal de Agua Potable y Alcantarillado de Daule (EMAPA EP Daule) y la Alcaldía de Daule tienen el agrado de invitar a: II SIMPOSIO &#8211; DÍA MUNDIAL DEL AGUA HORA PONENCIAS INSTITUCIÓN 9H00 Ab. Mónica Andrade &#8220;AGUAS SUBTERRANEAS&#8221; Hagamos Visible lo Invisible Programa de las Naciones Unidas</p>
