{"id":2470,"date":"2022-03-16T13:15:56","date_gmt":"2022-03-16T18:15:56","guid":{"rendered":"https:\/\/www.emapadaule.gob.ec\/web\/?post_type=tribe_events&#038;p=2470"},"modified":"2022-03-21T08:40:32","modified_gmt":"2022-03-21T13:40:32","slug":"ii-simposio-dia-mundial-del-agua-daule","status":"publish","type":"tribe_events","link":"https:\/\/www.emapadaule.gob.ec\/web\/evento\/ii-simposio-dia-mundial-del-agua-daule\/","title":{"rendered":"II SIMPOSIO &#8211; D\u00cdA MUNDIAL DEL AGUA (DAULE)"},"content":{"rendered":"<p>La Empresa P\u00fablica Municipal de Agua Potable y Alcantarillado de Daule (EMAPA EP Daule) y la Alcald\u00eda de Daule tienen el agrado de invitar a:<\/p>\n<p style=\"text-align: center;\"><em><span style=\"font-size: 12pt;\"><strong>II SIMPOSIO &#8211; D\u00cdA MUNDIAL DEL AGUA<\/strong><\/span><\/em><\/p>\n<table style=\"border-collapse: collapse; width: 100%; height: 248px;\">\n<tbody>\n<tr style=\"height: 24px; background-color: #5b9bd5;\">\n<td style=\"width: 17.0133%; height: 24px; text-align: center;\"><span style=\"color: #ffffff;\"><strong>HORA<\/strong><\/span><\/td>\n<td style=\"width: 51.7333%; height: 24px; text-align: center;\"><span style=\"color: #ffffff;\"><strong>PONENCIAS<\/strong><\/span><\/td>\n<td style=\"width: 31.2533%; height: 24px; text-align: center;\"><span style=\"color: #ffffff;\"><strong>INSTITUCI\u00d3N<\/strong><\/span><\/td>\n<\/tr>\n<tr style=\"height: 133px;\">\n<td style=\"width: 17.0133%; height: 10px; text-align: center;\"><span style=\"font-size: 9pt;\">9H00<\/span><\/td>\n<td style=\"width: 51.7333%; height: 10px;\"><span style=\"font-size: 9pt;\"><strong>Ing. Jorge Delgado<\/strong><\/span><br \/>\n<span style=\"font-size: 9pt;\">&#8220;PLAN MAESTRO EN SISTEMAS DE AGUA POTABLE, ALCANTARILLADO Y RESIDUAL&#8221;<\/span><br \/>\nCaso de \u00e9xito en Guayaquil<\/td>\n<td style=\"width: 31.2533%; height: 10px; text-align: center;\">INTERAGUA \/ VEOLIA<\/td>\n<\/tr>\n<tr style=\"height: 133px;\">\n<td style=\"width: 17.0133%; height: 10px; text-align: center;\"><span style=\"font-size: 9pt;\">9H36<\/span><\/td>\n<td style=\"width: 51.7333%; height: 10px;\"><span style=\"font-size: 9pt;\"><strong>Ing. Alexandra Rivadeneira<\/strong><\/span><br \/>\n<span style=\"font-size: 9pt;\">&#8220;ARBOLADO Y SU INFLUENCIA EN EL BALANCE H\u00cdDRICO&#8221;<\/span><\/td>\n<td style=\"width: 31.2533%; height: 10px; text-align: center;\">MUNICIPIO DE GUAYAQUIL<\/td>\n<\/tr>\n<tr style=\"height: 174px;\">\n<td style=\"width: 17.0133%; height: 67px; text-align: center;\"><span style=\"font-size: 9pt;\">10H10<\/span><\/td>\n<td style=\"width: 51.7333%; height: 67px;\"><span style=\"font-size: 9pt;\"><strong>Dr. Luis Ariaga<\/strong><\/span><br \/>\n&#8220;PRIORIDADES AMBIENTALES EN EL MARCO DE LA NORMATIVA AMBIENTAL&#8221;<\/td>\n<td style=\"width: 31.2533%; height: 67px; text-align: center;\">PREFECTURA DEL GUAYAS<\/td>\n<\/tr>\n<tr style=\"height: 24px; background-color: #fff2cc;\">\n<td style=\"width: 17.0133%; height: 23px; text-align: center;\"><span style=\"font-size: 9pt;\">10H40<\/span><\/td>\n<td style=\"width: 51.7333%; height: 23px; text-align: center;\"><span style=\"font-size: 9pt;\">BREAK<\/span><\/td>\n<td style=\"width: 31.2533%; height: 23px;\"><\/td>\n<\/tr>\n<tr style=\"height: 171px;\">\n<td style=\"width: 17.0133%; height: 44px; text-align: center;\"><span style=\"font-size: 9pt;\">11H00<\/span><\/td>\n<td style=\"width: 51.7333%; height: 44px;\"><span style=\"font-size: 9pt;\"><b style=\"font-size: 9pt;\">Ing. <\/b><b>V\u00edctor<\/b><b style=\"font-size: 9pt;\"> Chan<\/b><\/span><br \/>\n<span style=\"font-size: 9pt;\">&#8220;PLAN PILOTO CON MEDIDORES DE ULTIMA GENERACI\u00d3N&#8221; en la ciudad de Quito<\/span><\/td>\n<td style=\"width: 31.2533%; height: 44px; text-align: center;\">FLEXMAN<\/td>\n<\/tr>\n<tr style=\"height: 195px;\">\n<td style=\"width: 17.0133%; height: 70px; text-align: center;\"><span style=\"font-size: 9pt;\">11H40<\/span><\/td>\n<td style=\"width: 51.7333%; height: 70px;\"><span style=\"font-size: 9pt;\"><strong>Ing. Rafael Dautant<\/strong><\/span><br \/>\n<span style=\"font-size: 9pt;\">&#8220;REUSO SEGURO DEL AGUA EN EL MARCO DEL DESARROLLO SOSTENIBLE&#8221;<\/span><\/td>\n<td style=\"width: 31.2533%; height: 70px; text-align: center;\"><span style=\"font-size: 9pt;\">Asociaci\u00f3n Interamericana de Ingenier\u00eda Sanitaria y Ambiental ( AIDIS)<\/span><\/td>\n<\/tr>\n<\/tbody>\n<\/table>\n","protected":false},"excerpt":{"rendered":"<p>La Empresa P\u00fablica Municipal de Agua Potable y Alcantarillado de Daule (EMAPA EP Daule) y la Alcald\u00eda de Daule tienen el agrado de invitar a: II SIMPOSIO &#8211; D\u00cdA MUNDIAL DEL AGUA HORA PONENCIAS INSTITUCI\u00d3N 9H00 Ing. Jorge Delgado &#8220;PLAN MAESTRO EN SISTEMAS DE AGUA POTABLE, ALCANTARILLADO Y RESIDUAL&#8221; Caso<\/p>\n","protected":false},"author":1,"featured_media":2494,"template":"","meta":{"_tribe_events_status":"","_tribe_events_status_reason":"","footnotes":""},"tags":[],"tribe_events_cat":[],"class_list":["post-2470","tribe_events","type-tribe_events","status-publish","has-post-thumbnail","hentry"],"jetpack_sharing_enabled":true,"_links":{"self":[{"href":"https:\/\/www.emapadaule.gob.ec\/web\/wp-json\/wp\/v2\/tribe_events\/2470","targetHints":{"allow":["GET"]}}],"collection":[{"href":"https:\/\/www.emapadaule.gob.ec\/web\/wp-json\/wp\/v2\/tribe_events"}],"about":[{"href":"https:\/\/www.emapadaule.gob.ec\/web\/wp-json\/wp\/v2\/types\/tribe_events"}],"author":[{"embeddable":true,"href":"https:\/\/www.emapadaule.gob.ec\/web\/wp-json\/wp\/v2\/users\/1"}],"version-history":[{"count":6,"href":"https:\/\/www.emapadaule.gob.ec\/web\/wp-json\/wp\/v2\/tribe_events\/2470\/revisions"}],"predecessor-version":[{"id":2493,"href":"https:\/\/www.emapadaule.gob.ec\/web\/wp-json\/wp\/v2\/tribe_events\/2470\/revisions\/2493"}],"wp:featuredmedia":[{"embeddable":true,"href":"https:\/\/www.emapadaule.gob.ec\/web\/wp-json\/wp\/v2\/media\/2494"}],"wp:attachment":[{"href":"https:\/\/www.emapadaule.gob.ec\/web\/wp-json\/wp\/v2\/media?parent=2470"}],"wp:term":[{"taxonomy":"post_tag","embeddable":true,"href":"https:\/\/www.emapadaule.gob.ec\/web\/wp-json\/wp\/v2\/tags?post=2470"},{"taxonomy":"tribe_events_cat","embeddable":true,"href":"https:\/\/www.emapadaule.gob.ec\/web\/wp-json\/wp\/v2\/tribe_events_cat?post=2470"}],"curies":[{"name":"wp","href":"https:\/\/api.w.org\/{rel}","templated":true}]}}

II SIMPOSIO &#8211; DÍA MUNDIAL DEL AGUA (DAULE)

<p>La Empresa Pública Municipal de Agua Potable y Alcantarillado de Daule (EMAPA EP Daule) y la Alcaldía de Daule tienen el agrado de invitar a:</p>
<p style="text-align: center;"><em><span style="font-size: 12pt;"><strong>II SIMPOSIO &#8211; DÍA MUNDIAL DEL AGUA</strong></span></em></p>
<table style="border-collapse: collapse; width: 100%; height: 248px;">
<tbody>
<tr style="height: 24px; background-color: #5b9bd5;">
<td style="width: 17.0133%; height: 24px; text-align: center;"><span style="color: #ffffff;"><strong>HORA</strong></span></td>
<td style="width: 51.7333%; height: 24px; text-align: center;"><span style="color: #ffffff;"><strong>PONENCIAS</strong></span></td>
<td style="width: 31.2533%; height: 24px; text-align: center;"><span style="color: #ffffff;"><strong>INSTITUCIÓN</strong></span></td>
</tr>
<tr style="height: 133px;">
<td style="width: 17.0133%; height: 10px; text-align: center;"><span style="font-size: 9pt;">9H00</span></td>
<td style="width: 51.7333%; height: 10px;"><span style="font-size: 9pt;"><strong>Ing. Jorge Delgado</strong></span><br />
<span style="font-size: 9pt;">&#8220;PLAN MAESTRO EN SISTEMAS DE AGUA POTABLE, ALCANTARILLADO Y RESIDUAL&#8221;</span><br />
Caso de éxito en Guayaquil</td>
<td style="width: 31.2533%; height: 10px; text-align: center;">INTERAGUA / VEOLIA</td>
</tr>
<tr style="height: 133px;">
<td style="width: 17.0133%; height: 10px; text-align: center;"><span style="font-size: 9pt;">9H36</span></td>
<td style="width: 51.7333%; height: 10px;"><span style="font-size: 9pt;"><strong>Ing. Alexandra Rivadeneira</strong></span><br />
<span style="font-size: 9pt;">&#8220;ARBOLADO Y SU INFLUENCIA EN EL BALANCE HÍDRICO&#8221;</span></td>
<td style="width: 31.2533%; height: 10px; text-align: center;">MUNICIPIO DE GUAYAQUIL</td>
</tr>
<tr style="height: 174px;">
<td style="width: 17.0133%; height: 67px; text-align: center;"><span style="font-size: 9pt;">10H10</span></td>
<td style="width: 51.7333%; height: 67px;"><span style="font-size: 9pt;"><strong>Dr. Luis Ariaga</strong></span><br />
&#8220;PRIORIDADES AMBIENTALES EN EL MARCO DE LA NORMATIVA AMBIENTAL&#8221;</td>
<td style="width: 31.2533%; height: 67px; text-align: center;">PREFECTURA DEL GUAYAS</td>
</tr>
<tr style="height: 24px; background-color: #fff2cc;">
<td style="width: 17.0133%; height: 23px; text-align: center;"><span style="font-size: 9pt;">10H40</span></td>
<td style="width: 51.7333%; height: 23px; text-align: center;"><span style="font-size: 9pt;">BREAK</span></td>
<td style="width: 31.2533%; height: 23px;"></td>
</tr>
<tr style="height: 171px;">
<td style="width: 17.0133%; height: 44px; text-align: center;"><span style="font-size: 9pt;">11H00</span></td>
<td style="width: 51.7333%; height: 44px;"><span style="font-size: 9pt;"><b style="font-size: 9pt;">Ing. </b><b>Víctor</b><b style="font-size: 9pt;"> Chan</b></span><br />
<span style="font-size: 9pt;">&#8220;PLAN PILOTO CON MEDIDORES DE ULTIMA GENERACIÓN&#8221; en la ciudad de Quito</span></td>
<td style="width: 31.2533%; height: 44px; text-align: center;">FLEXMAN</td>
</tr>
<tr style="height: 195px;">
<td style="width: 17.0133%; height: 70px; text-align: center;"><span style="font-size: 9pt;">11H40</span></td>
<td style="width: 51.7333%; height: 70px;"><span style="font-size: 9pt;"><strong>Ing. Rafael Dautant</strong></span><br />
<span style="font-size: 9pt;">&#8220;REUSO SEGURO DEL AGUA EN EL MARCO DEL DESARROLLO SOSTENIBLE&#8221;</span></td>
<td style="width: 31.2533%; height: 70px; text-align: center;"><span style="font-size: 9pt;">Asociación Interamericana de Ingeniería Sanitaria y Ambiental ( AIDIS)</span></td>
</tr>
</tbody>
</table>

<p>La Empresa Pública Municipal de Agua Potable y Alcantarillado de Daule (EMAPA EP Daule) y la Alcaldía de Daule tienen el agrado de invitar a: II SIMPOSIO &#8211; DÍA MUNDIAL DEL AGUA HORA PONENCIAS INSTITUCIÓN 9H00 Ing. Jorge Delgado &#8220;PLAN MAESTRO EN SISTEMAS DE AGUA POTABLE, ALCANTARILLADO Y RESIDUAL&#8221; Caso</p>
